{"id":8,"date":"2025-11-29T15:33:11","date_gmt":"2025-11-29T14:33:11","guid":{"rendered":"https:\/\/www.ordinacezivota.cz\/?page_id=8"},"modified":"2026-05-05T11:20:32","modified_gmt":"2026-05-05T09:20:32","slug":"uvod","status":"publish","type":"page","link":"https:\/\/www.ordinacezivota.cz\/","title":{"rendered":"\u00davod"},"content":{"rendered":"\r\n<figure class=\"wp-block-image alignright size-large is-resized\"><img fetchpriority=\"high\" decoding=\"async\" width=\"1024\" height=\"916\" class=\"wp-image-68\" style=\"width: 639px; height: auto;\" src=\"https:\/\/www.ordinacezivota.cz\/wp-content\/uploads\/2025\/11\/Picture001-1-1024x916.png\" alt=\"\" srcset=\"https:\/\/www.ordinacezivota.cz\/wp-content\/uploads\/2025\/11\/Picture001-1-1024x916.png 1024w, https:\/\/www.ordinacezivota.cz\/wp-content\/uploads\/2025\/11\/Picture001-1-300x268.png 300w, https:\/\/www.ordinacezivota.cz\/wp-content\/uploads\/2025\/11\/Picture001-1-768x687.png 768w, https:\/\/www.ordinacezivota.cz\/wp-content\/uploads\/2025\/11\/Picture001-1.png 1485w\" sizes=\"(max-width: 1024px) 100vw, 1024px\" \/><\/figure>\r\n\r\n\r\n\r\n<p><strong><em>Star\u00e1me se o Va\u0161e zdrav\u00ed &#8211; nyn\u00ed nab\u00edz\u00edme nov\u00e9 slu\u017eby!<\/em><\/strong><br \/>Na\u0161\u00edm c\u00edlem je nab\u00eddnout pacient\u016fm dostupnou, p\u0159itom v\u0161ak vysoce kvalitn\u00ed l\u00e9ka\u0159skou p\u00e9\u010di, zaji\u0161t\u011bnou vysoce erudovan\u00fdmi l\u00e9ka\u0159i, s vysokou odbornou zp\u016fsobilost\u00ed a laskav\u00fdm p\u0159\u00edstupem k pacient\u016fm. Pro na\u0161e l\u00e9ka\u0159e je pacient partnerem, kter\u00e9mu je t\u0159eba naslouchat, nab\u00eddnout mu lidsk\u00fd p\u0159\u00edstup a pe\u010dovat o jeho zdrav\u00ed s maxim\u00e1ln\u00ed m\u00edrou profesionality.<\/p>\r\n\r\n\r\n\r\n<p>&nbsp;<\/p>\r\n\r\n\r\n\r\n<p>M\u00e1me smlouvy s poji\u0161\u0165ovnami\u00a0<strong>111, 201, 205, 207, 211 a 213.<\/strong><\/p>\r\n<p>&nbsp;<\/p>\r\n<p>&nbsp;<\/p>\r\n<h3><strong>UPOZORN\u011aN\u00cd\u00a0&#8211; Slavi\u010d\u00edn<\/strong><\/h3>\r\n<p>\r\n\r\n<\/p>\r\n<p><strong>6.5.\u00a0 ordina\u010dn\u00ed doba od 7:30 do 13:30 hodin<\/strong><\/p>\r\n<p><strong>7.5.<\/strong>\u00a0 <strong>ordina\u010dn\u00ed doba od 7:30 do 13:30 hodin<\/strong><\/p>\r\n<p><em>D\u011bkujeme za pochopen\u00ed<\/em><\/p>\r\n<p>&nbsp;<\/p>\r\n<p>Od 9.3. bude provoz ordinace n\u00e1sleduj\u00edc\u00ed:<\/p>\r\n<p>Pond\u011bl\u00ed\u00a0 \u00a0 \u00a08:00 &#8211; 11:00\u00a0 \u00a0pouze zdravotn\u00ed sestra\u00a0<\/p>\r\n<p>\u00dater\u00fd\u00a0 \u00a0 \u00a0 \u00a0 \u00a0zav\u0159eno\u00a0 \u00a0 \u00a0 \u00a0 \u00a0 \u00a0<\/p>\r\n<p>St\u0159eda\u00a0 \u00a0 \u00a0 \u00a07:30 &#8211; 14:00<\/p>\r\n<p>\u010ctvrtek\u00a0 \u00a0 \u00a07:30 &#8211; 14:00<\/p>\r\n<p>P\u00e1tek\u00a0 \u00a0 \u00a0 \u00a0 zav\u0159eno<\/p>\r\n<p><b class=\"ws-bold\">V p\u0159\u00edpad\u011b pot\u0159eby l\u00e9k\u016f, inkontinen\u010dn\u00edch pom\u016fcek apod. pi\u0161te email slavicin@ordinacezivota.cz <\/b><b class=\"ws-bold\">nebo SMS na tel. <\/b><b class=\"ws-bold\">\u00a0774 042 848<\/b><\/p>\r\n<h6>P\u0159edepisov\u00e1n\u00ed l\u00e9k\u016f, pros\u00edm, sm\u011b\u0159ujte na pond\u011bl\u00ed, kdy je v ordinaci pouze zdravotn\u00ed sestra.<\/h6>\r\n<h6>V b\u011b\u017en\u00e9m provozu (st\u0159eda, \u010dtvrtek) nen\u00ed prostor k vy\u0159izov\u00e1n\u00ed t\u011bchto telefon\u016f.<\/h6>\r\n<p>&nbsp;<\/p>\r\n\r\n\r\n\r\n<h3>\u00a0<\/h3>\r\n<h3><strong>UPOZORN\u011aN\u00cd\u00a0&#8211; Malenovice<\/strong><\/h3>\r\n<p>8.5. zav\u0159eno<\/p>\r\n<p>11.5. zav\u0159eno<\/p>\r\n<p>18.5. zav\u0159eno<\/p>\r\n<p>22.5. zav\u0159eno<\/p>\r\n<p>25.5. zav\u0159eno<\/p>\r\n\r\n\r\n\r\n<p><b class=\"ws-bold\">V p\u0159\u00edpad\u011b pot\u0159eby l\u00e9k\u016f pi\u0161te email malenovice@ordinacezivota.cz<\/b><\/p>\r\n<p><strong>SMS na tel. 774 710 193<\/strong><\/p>\r\n\r\n\r\n\r\n<p>&nbsp;<\/p>\r\n\r\n\r\n\r\n<p id=\"block-97c7412f-33e7-47e7-a6f5-503cd62f8275\">\u00a0<\/p>\r\n\r\n\r\n\r\n<p class=\"has-contrast-2-color has-base-background-color has-text-color has-background has-link-color wp-elements-b8d320a4f21ac30e4a35f466d99573b3\">\u00a0<\/p>\r\n\r\n\r\n\r\n<p class=\"has-contrast-2-color has-base-background-color has-text-color has-background has-link-color wp-elements-b8d320a4f21ac30e4a35f466d99573b3\">\u00a0<\/p>\r\n\r\n\r\n\r\n<p>&nbsp;<\/p>\r\n","protected":false},"excerpt":{"rendered":"<p>Star\u00e1me se o Va\u0161e zdrav\u00ed &#8211; nyn\u00ed nab\u00edz\u00edme nov\u00e9 slu\u017eby!Na\u0161\u00edm c\u00edlem je nab\u00eddnout pacient\u016fm dostupnou, p\u0159itom v\u0161ak vysoce kvalitn\u00ed l\u00e9ka\u0159skou [&hellip;]<\/p>\n","protected":false},"author":1,"featured_media":0,"parent":0,"menu_order":0,"comment_status":"closed","ping_status":"closed","template":"","meta":{"site-sidebar-layout":"default","site-content-layout":"","ast-site-content-layout":"default","site-content-style":"default","site-sidebar-style":"default","ast-global-header-display":"","ast-banner-title-visibility":"","ast-main-header-display":"","ast-hfb-above-header-display":"","ast-hfb-below-header-display":"","ast-hfb-mobile-header-display":"","site-post-title":"","ast-breadcrumbs-content":"","ast-featured-img":"","footer-sml-layout":"","ast-disable-related-posts":"","theme-transparent-header-meta":"default","adv-header-id-meta":"","stick-header-meta":"","header-above-stick-meta":"","header-main-stick-meta":"","header-below-stick-meta":"","astra-migrate-meta-layouts":"set","ast-page-background-enabled":"default","ast-page-background-meta":{"desktop":{"background-color":"var(--ast-global-color-5)","background-image":"","background-repeat":"repeat","background-position":"center center","background-size":"auto","background-attachment":"scroll","background-type":"","background-media":"","overlay-type":"","overlay-color":"","overlay-opacity":"","overlay-gradient":""},"tablet":{"background-color":"","background-image":"","background-repeat":"repeat","background-position":"center center","background-size":"auto","background-attachment":"scroll","background-type":"","background-media":"","overlay-type":"","overlay-color":"","overlay-opacity":"","overlay-gradient":""},"mobile":{"background-color":"","background-image":"","background-repeat":"repeat","background-position":"center center","background-size":"auto","background-attachment":"scroll","background-type":"","background-media":"","overlay-type":"","overlay-color":"","overlay-opacity":"","overlay-gradient":""}},"ast-content-background-meta":{"desktop":{"background-color":"var(--ast-global-color-4)","background-image":"","background-repeat":"repeat","background-position":"center center","background-size":"auto","background-attachment":"scroll","background-type":"","background-media":"","overlay-type":"","overlay-color":"","overlay-opacity":"","overlay-gradient":""},"tablet":{"background-color":"var(--ast-global-color-4)","background-image":"","background-repeat":"repeat","background-position":"center center","background-size":"auto","background-attachment":"scroll","background-type":"","background-media":"","overlay-type":"","overlay-color":"","overlay-opacity":"","overlay-gradient":""},"mobile":{"background-color":"var(--ast-global-color-4)","background-image":"","background-repeat":"repeat","background-position":"center center","background-size":"auto","background-attachment":"scroll","background-type":"","background-media":"","overlay-type":"","overlay-color":"","overlay-opacity":"","overlay-gradient":""}},"footnotes":""},"class_list":["post-8","page","type-page","status-publish","hentry"],"jetpack_sharing_enabled":true,"_links":{"self":[{"href":"https:\/\/www.ordinacezivota.cz\/index.php?rest_route=\/wp\/v2\/pages\/8","targetHints":{"allow":["GET"]}}],"collection":[{"href":"https:\/\/www.ordinacezivota.cz\/index.php?rest_route=\/wp\/v2\/pages"}],"about":[{"href":"https:\/\/www.ordinacezivota.cz\/index.php?rest_route=\/wp\/v2\/types\/page"}],"author":[{"embeddable":true,"href":"https:\/\/www.ordinacezivota.cz\/index.php?rest_route=\/wp\/v2\/users\/1"}],"replies":[{"embeddable":true,"href":"https:\/\/www.ordinacezivota.cz\/index.php?rest_route=%2Fwp%2Fv2%2Fcomments&post=8"}],"version-history":[{"count":48,"href":"https:\/\/www.ordinacezivota.cz\/index.php?rest_route=\/wp\/v2\/pages\/8\/revisions"}],"predecessor-version":[{"id":249,"href":"https:\/\/www.ordinacezivota.cz\/index.php?rest_route=\/wp\/v2\/pages\/8\/revisions\/249"}],"wp:attachment":[{"href":"https:\/\/www.ordinacezivota.cz\/index.php?rest_route=%2Fwp%2Fv2%2Fmedia&parent=8"}],"curies":[{"name":"wp","href":"https:\/\/api.w.org\/{rel}","templated":true}]}}